y(k). What are the prime factors of i(-4)?
2, 11
Suppose 3*g = -f + 16213, 3*f + 36*g = 33*g + 48645. List the prime factors of f.
2, 2027
Let o(c) = -3*c + 57. Let g be o(19). Suppose g = 21*l - 24*l + 1353. What are the prime factors of l?
11, 41
Let p(n) be the second derivative of -n**4/6 + 5*n**3/6 + 3*n**2/2 + 6*n. Let j be p(4). Let g(t) = t**2 - 5*t - 9. List the prime factors of g(j).
3, 13
Let a = 3005 + -373. What are the prime factors of a?
2, 7, 47
Suppose 23*f - 12*f = 4950. Suppose 2777 = 7*q - f. List the prime factors of q.
461
Suppose 3*d = 5*v + 192, -3*d + d = 5*v + 172. Let u = 35 + v. List the prime factors of (-111)/u + (-12)/4.
2, 3
Suppose -5*r = -7*r - 10, 0 = q + 4*r + 12. Suppose 0 = -q*u + 3898 + 5526. List the prime factors of u.
2, 19, 31
Suppose l + 4*u = 6, 0 = 3*u - 2*u - 1. Let c = -7695 + 7998. Suppose l*x - c - 49 = 0. What are the prime factors of x?
2, 11
Let s be (-8)/28 - 920/14. Let q be (-275)/s - 2/12. Suppose 2*o = -v - q*v + 1117, 667 = 3*v + 2*o. What are the prime factors of v?
3, 5
Suppose 4*l + 33139 = f, -f + 35*l + 33097 = 38*l. List the prime factors of f.
5, 37, 179
What are the prime factors of (-4)/38 + 164463270/3173 + 8?
2, 3, 5
Let y(o) = -o**2 - 10*o + 6. Let p be y(-10). Suppose -2*a = -2*t + 2, -4*a = t - p*a - 2. What are the prime factors of (-3 + 0)/(t + 6/(-74))?
37
Let h(b) = b**3 - 18*b**2 - 8*b + 8. Let x be (12 + -14)*13/(-2). Let t = x + 6. What are the prime factors of h(t)?
7, 31
Let q = 6823 + 3027. What are the prime factors of q?
2, 5, 197
Suppose -7*z + 10*z = 0. Suppose z = 3*b + 1 - 1. Suppose 5*n + 2*n - 105 = b. List the prime factors of n.
3, 5
Suppose 5*h - 30508 = 51332. List the prime factors of h.
2, 3, 11, 31
Suppose 24*w = 1558789 - 510037. List the prime factors of w.
2, 3, 7283
Let a = 131785 + -89944. What are the prime factors of a?
3, 4649
Let m be 667/(-203) + (-2)/(-7). List the prime factors of (m/6)/((-7)/2310).
3, 5, 11
Suppose 10*w = 11381 - 281. Let n = w + -770. List the prime factors of n.
2, 5, 17
Suppose 3*o - 317 = -4*s, 3*s - 176 = s + 2*o. Let d = s + -40. List the prime factors of d.
43
Let x(j) = -3*j + 6. Let a be x(2). Suppose a*o = 4*o + 4. List the prime factors of 3/(-3)*o + 18.
19
Let r be 34/(-6) - 5/15. Let u be (4/r)/(4/3 - 1). Let t(p) = -108*p - 10. List the prime factors of t(u).
2, 103
Let g be (-2)/(-5) + 4697/(-55). Let x = -54 - g. List the prime factors of 1 - -131 - (x - 27).
2
Suppose 2*k = -3*k + 25. Suppose k*a - 42 + 17 = 0. Suppose 2*o + 903 = 5*p - 2*o, 747 = 4*p + a*o. List the prime factors of p.
3, 61
Let g(p) = 4*p - 35. Let r be g(10). Suppose r*q + 238 = -32. List the prime factors of q/(-36)*380/6.
5, 19
Suppose -95*h + 74*h + 395052 = 0. What are the prime factors of h?
2, 4703
Let u(f) = f**3 - 8*f**2 + 7*f + 2. Let x = 49 + -42. Let k be u(x). Suppose -5*j + 70 = -2*n, k*j - 4*n = -n + 17. List the prime factors of j.
2
Let v = 29353 + -19843. List the prime factors of v.
2, 3, 5, 317
Let y be 75/(-30)*2282/(-5). Let t = y + -464. What are the prime factors of t?
677
Let p(o) = 4*o**3 - 72*o**2 + 19*o + 18. Let g be p(18). Let s = 631 - g. What are the prime factors of s?
271
Let a = 21654 + -7310. List the prime factors of a.
2, 11, 163
Let r = -11001 + 29847. What are the prime factors of r?
2, 3, 349
Let b be (-15)/(-100)*5*20. Let u(f) = -3 - f**2 - b*f + 0 + 6 + 0. What are the prime factors of u(-13)?
29
Let d(w) = -65*w**2 - 7*w + 11. Let u(p) = -32*p**2 - 3*p + 5. Let m(z) = 6*d(z) - 13*u(z). Suppose -j = 3*j - 8. List the prime factors of m(j).
3, 11
Let d(k) be the second derivative of -18*k**3 + 5*k**2 - 40*k. List the prime factors of d(-4).
2, 13, 17
Let t be (-25)/(-2)*6/15. Let z = 1 + t. List the prime factors of 2/z + -1 - 203/(-3).
67
Let z(w) = -110*w + 148. Let r be z(-18). Let s = r + -1446. What are the prime factors of s?
2, 11, 31
Suppose 0 = s - 5*j - 2 + 23, -39 = 5*s - 3*j. Let o be (4/2)/(s/87). Let h = 47 - o. List the prime factors of h.
2, 19
Suppose -110821 = -8*n - 8506 + 57949. What are the prime factors of n?
13, 23, 67
Let f = -30 - 251. Let y = f + 632. List the prime factors of y.
3, 13
Let g = -7124 - -7186. List the prime factors of g.
2, 31
Suppose 0 = 3*c + 4*n - 9*n - 13195, 0 = -5*c + 3*n + 22013. Suppose 41*k - 17161 = c. What are the prime factors of k?
2, 263
Let w(v) = v**3 + 13*v**2 + 8*v - 3. Let f be w(-9). Let n be (-1)/(2/(-6))*3071/f. Suppose 41*u = n*u + 336. What are the prime factors of u?
2, 3, 7
Suppose 13*v - 18*v = 2*f - 6208, 12448 = 4*f + 6*v. List the prime factors of f.
2, 11, 71
Suppose b - 4*m = -b + 18, -4*m = 2*b + 6. Suppose -b*u + u = -2*z + 92, 0 = u + 3. What are the prime factors of z?
43
Let g be 2/6*(12 - 6). Suppose -h - 1629 = 3*i, -9 = -g*i - i. List the prime factors of h/(-12) + (-2)/4.
2, 17
Let v(n) = n**2 - 4*n - 1. Let h(x) = 12*x**2 - 34*x - 16. Let p(f) = h(f) - 5*v(f). List the prime factors of p(-10).
829
Let t = -405 + 410. Suppose -t*s = 11*o - 7*o - 3570, 3*o + s - 2683 = 0. What are the prime factors of o?
5, 179
Let c(d) = 2*d**2 - 27*d + 55. Let o(m) = m**2 - 18*m + 37. Let z(t) = 5*c(t) - 7*o(t). Let l be z(9). Suppose 5*u - l = -28. List the prime factors of u.
2, 3, 5
Suppose 36*r - 6 = -6. Suppose -2*m + m + 1092 = r. List the prime factors of m.
2, 3, 7, 13
Suppose 44731 + 172595 = 3*i. What are the prime factors of i?
2, 29, 1249
Suppose 6*i = -3*y + 10*i + 221, 0 = 4*y - 3*i - 297. Let q be (-5)/(2*2/28). Let r = q + y. What are the prime factors of r?
2, 5
Let s be 160/(-2320) - (-60)/29. Suppose -2*o = -0*o - 228. Suppose s*j - b - 73 = 0, -3*b = 3*j - 0*b - o. What are the prime factors of j?
37
Suppose u - 62934 = -3*i, 1778*u + 41970 = 2*i + 1774*u. List the prime factors of i.
3, 7, 37
List the prime factors of 30803 + 15*(-13 + 12).
2, 43, 179
What are the prime factors of (-2)/14 - 122452/(-154)?
3, 5, 53
Let r be (-1)/(13/(-41)) - (-2)/(-13). Suppose -4 = u + u, 2 = -r*g - u. List the prime factors of 2*36 - -6 - (g - 1).
79
Suppose -4*s - 4*x + 7072 = 0, -3*s + 9*x + 5320 = 4*x. List the prime factors of s.
2, 3, 5, 59
Let n(k) = -2*k + 41. Let m be n(24). What are the prime factors of (17 - 1)/(m/560*-8)?
2, 5
Let m = 1811 - -2337. What are the prime factors of m?
2, 17, 61
Let i = -141 - -155. Suppose -i*v + 26*v - 11364 = 0. List the prime factors of v.
947
What are the prime factors of ((-15)/40 - (-87)/(-24)) + (1480 - -3)?
3, 17, 29
Let r(h) = h**2 + 1. Let t(a) = -32*a**2 + 13*a - 11. Let j(m) = -r(m) - t(m). Let i be j(8). List the prime factors of i/49 - (22/14 - 1).
2, 19
Let t(u) = 2*u**3 + 13*u**2 + 15*u + 3. Let d be t(-5). Let y(l) = l**2 + 10. Let k be y(-6). Let i = d + k. What are the prime factors of i?
7
Let m = -327 + 629. Suppose 2*q - 3*q - 3*a + m = 0, 3*q - 5*a = 920. List the prime factors of q.
5, 61
Let k(w) = -16*w**3 - w**2 - 21*w + 19. Let c be k(-5). Suppose 11896 = 45*d - c. List the prime factors of d.
311
Let t = 407 - 439. List the prime factors of (-4408)/t - (-6)/24.
2, 3, 23
Let i = 8045 + -1765. What are the prime factors of i?
2, 5, 157
Suppose 6*x - 24420 = -6708. Suppose x = 4*y + f, 0*y - y - 2*f + 745 = 0. List the prime factors of y.
11, 67
Suppose 20*v - 9259 = 267661. List the prime factors of v.
2, 7, 23, 43
Suppose -2*j - 51888 = -33*j + 78374. What are the prime factors of j?
2, 11, 191
Suppose -7504 = -k - 68*t + 70*t, 0 = 5*k + 5*t - 37595. List the prime factors of k.
2, 13, 17
Let r be (-102)/17 - (35 - 0). Suppose 151 - 41 = -2*y. Let c = r - y. What are the prime factors of c?
2, 7
Let v(j) = 3*j**3 - 8*j**2 - 4*j + 5. Let h be v(3). Suppose -4*k = -n + 1222, -4*n - h*k + 5491 = 585. List the prime factors of n.
2, 613
Let z(i) be the third derivative of i**4/24 + 2*i**3 - i**2. Let t be z(-7). What are the prime factors of (t - 8/4)*2/2?
3
Suppose 0 = 54*i + 82*i - 1710608. List the prime factors of i.
2, 19, 331
What are the prime factors of 12 + -1 + 12 + 42226 + 71?
2, 5, 23
Let h be 120/12 - 16507 - (-1 + -2). What are the prime factors of h/(-15) + 5*24/(-200)?
7, 157
Let o(u) = -2. Let m(x) = -33*x + 48. Let p(n) = -m(n) + 4*o(n). List the prime factors of p(21).
7, 13
Let h(r) be the second derivative of 7*r**5/30 + r**4/12 -